er when 195509 is divided by 1671.
2
Calculate the remainder when 9506401 is divided by 108.
25
What is the remainder when 14514260 is divided by 631?
629
What is the remainder when 9533250 is divided by 845?
805
What is the remainder when 75179022 is divided by 1096?
1094
What is the remainder when 4412417 is divided by 1103104?
1
Calculate the remainder when 155860096 is divided by 19.
18
What is the remainder when 15406952 is divided by 68?
56
What is the remainder when 7296138 is divided by 169?
70
What is the remainder when 7127 is divided by 1128?
359
What is the remainder when 855595 is divided by 150?
145
What is the remainder when 144550 is divided by 6364?
4542
Calculate the remainder when 69256 is divided by 1794.
1084
What is the remainder when 19527 is divided by 278?
67
What is the remainder when 496832 is divided by 1409?
864
What is the remainder when 3870662 is divided by 7?
5
Calculate the remainder when 400385 is divided by 425.
35
Calculate the remainder when 413683515 is divided by 19.
11
What is the remainder when 43704020 is divided by 8?
4
Calculate the remainder when 789669 is divided by 6.
3
What is the remainder when 105288 is divided by 207?
132
What is the remainder when 35543 is divided by 17762?
19
Calculate the remainder when 11821979 is divided by 1348.
19
Calculate the remainder when 220916 is divided by 553.
269
Calculate the remainder when 292496 is divided by 4118.
118
What is the remainder when 68561888 is divided by 628?
616
Calculate the remainder when 694903 is divided by 173.
135
Calculate the remainder when 2702481 is divided by 2468.
21
Calculate the remainder when 48436607 is divided by 2554.
2551
What is the remainder when 516317 is divided by 192?
29
What is the remainder when 1392102 is divided by 116006?
30
Calculate the remainder when 2501293 is divided by 119108.
25
Calculate the remainder when 13003523 is divided by 73.
33
What is the remainder when 93722832 is divided by 1518?
1512
What is the remainder when 37330696 is divided by 105?
46
What is the remainder when 324711 is divided by 4703?
204
What is the remainder when 4155509 is divided by 436?
429
Calculate the remainder when 259737 is divided by 170.
147
Calculate the remainder when 89948 is divided by 89133.
815
What is the remainder when 632882 is divided by 1217?
42
What is the remainder when 621898 is divided by 724?
706
What is the remainder when 921422 is divided by 65?
47
Calculate the remainder when 174416 is divided by 58130.
26
What is the remainder when 86652 is divided by 7?
6
Calculate the remainder when 37393 is divided by 1088.
401
What is the remainder when 216771069 is divided by 110?
9
What is the remainder when 1439315 is divided by 210?
185
Calculate the remainder when 2680593 is divided by 12.
9
What is the remainder when 44383 is divided by 3691?
91
Calculate the remainder when 764996 is divided by 76468.
316
What is the remainder when 1019412 is divided by 146?
40
What is the remainder when 856418 is divided by 126?
122
Calculate the remainder when 1452542 is divided by 1072.
1054
What is the remainder when 599250 is divided by 27140?
2170
Calculate the remainder when 758346 is divided by 45.
6
What is the remainder when 47543838 is divided by 80?
78
What is the remainder when 264050106 is divided by 26405007?
36
What is the remainder when 12785529 is divided by 3002?
11
Calculate the remainder when 4486918 is divided by 30.
28
What is the remainder when 87551 is divided by 7147?
1787
What is the remainder when 9446 is divided by 9195?
251
What is the remainder when 2274604 is divided by 2274592?
12
What is the remainder when 94532 is divided by 504?
284
Calculate the remainder when 6697861 is divided by 8576.
5
Calculate the remainder when 22481670 is divided by 521.
520
Calculate the remainder when 395745 is divided by 15220.
25
Calculate the remainder when 301831 is divided by 100609.
4
What is the remainder when 12885888 is divided by 227?
6
What is the remainder when 1030924 is divided by 1030698?
226
Calculate the remainder when 8199995 is divided by 164.
159
Calculate the remainder when 3450267 is divided by 6846.
6729
Calculate the remainder when 63782 is divided by 9216.
8486
What is the remainder when 3816073 is divided by 25?
23
Calculate the remainder when 95844 is divided by 3698.
3394
What is the remainder when 5601839 is divided by 1324?
1319
What is the remainder when 645684 is divided by 31?
16
What is the remainder when 4804 is divided by 2256?
292
Calculate the remainder when 122356 is divided by 39848.
2812
What is the remainder when 685142 is divided by 10380?
62
Calculate the remainder when 8931361 is divided by 51.
37
Calculate the remainder when 3443995 is divided by 1147931.
202
Calculate the remainder when 20347 is divided by 3317.
445
What is the remainder when 1249206 is divided by 4338?
4200
Calculate the remainder when 109976 is divided by 1664.
152
What is the remainder when 91224552 is divided by 115?
112
What is the remainder when 6649741 is divided by 2540?
21
What is the remainder when 390067 is divided by 10539?
124
Calculate the remainder when 16210373 is divided by 25.
23
Calculate the remainder when 83837 is divided by 41912.
13
Calculate the remainder when 4848319 is divided by 70.
49
What is the remainder when 2484978 is divided by 637?
41
Calculate the remainder when 15382 is divided by 2520.
262
What is the remainder when 210180 is divided by 1072?
68
What is the remainder when 2735261 is divided by 60783?
26
What is the remainder when 35494 is divided by 32543?
2951
Calculate the remainder when 41061 is divided by 12834.
2559
Calculate the remainder when 2901147 is divided by 389.
374
Calculate the remainder when 8185176 is divided by 2728380.
36
What is the remainder when 1165443 is divided by 5809?
3643
Calculate the remainder when 5460138 is divided by 665.
488
Calculate the remainder when 82462 is divided by 2784.
1726
Calculate the remainder when 330084 is divided by 143.
40
Calculate the remainder when 1230212 is divided by 51246.
308
Calculate the remainder when 2937144 is divided by 206.
202
What is the remainder when 37765199 is divided by 24?
23
Calculate the remainder when 847470 is divided by 1265.
1185
Calculate the remainder when 63846899 is divided by 4815.
4814
Calculate the remainder when 10003197 is divided by 2255.
17
What is the remainder when 2194609 is divided by 35395?
119
What is the remainder when 39020700 is divided by 4005?
3990
What is the remainder when 150161 is divided by 71?
67
What is the remainder when 187916 is divided by 18709?
826
What is the remainder when 114 is divided by 89?
25
Calculate the remainder when 17161975 is divided by 8580978.
19
What is the remainder when 91206107 is divided by 12?
11
What is the remainder when 40688171 is divided by 18?
17
What is the remainder when 2068071 is divided by 654?
123
What is the remainder when 38024 is divided by 6920?
3424
What is the remainder when 48190 is divided by 2562?
2074
What is the remainder when 67838 is divided by 305?
128
Calculate the remainder when 8682711 is divided by 1294.
1265
What is the remainder when 758007 is divided by 595?
572
What is the remainder when 6033203 is divided by 14399?
22
What is the remainder when 1257850 is divided by 2019?
13
Calculate the remainder when 335907 is divided by 6745.
5402
Calculate the remainder when 229740 is divided by 38276.
84
Calculate the remainder when 3365159 is divided by 798.
791
Calculate the remainder when 61740 is divided by 256.
44
What is the remainder when 87140 is divided by 12447?
11
What is the remainder when 52823 is divided by 52363?
460
What is the remainder when 427168 is divided by 1928?
1080
Calculate the remainder when 1933688 is divided by 23020.
8
Calculate the remainder when 30608 is divided by 7418.
936
What is the remainder when 5070211 is divided by 187783?
70
Calculate the remainder when 33982 is divided by 520.
182
What is the remainder when 64449 is divided by 10033?
4251
What is the remainder when 64094 is divided by 1801?
1059
What is the remainder when 241172 is divided by 20093?
56
What is the remainder when 156851572 is divided by 501?
496
Calculate the remainder when 2142779 is divided b